 the greatest common divisor of 66 and 4520835.
33
Calculate the highest common divisor of 283069 and 817.
43
Calculate the greatest common factor of 236042 and 856.
214
Calculate the highest common divisor of 4455 and 4185.
135
What is the highest common factor of 11724 and 84?
12
Calculate the greatest common factor of 37654 and 6463.
281
Calculate the highest common factor of 224844 and 82.
82
What is the greatest common divisor of 8102421 and 68?
17
What is the highest common factor of 2128256 and 52?
52
Calculate the highest common divisor of 70 and 324730.
70
Calculate the greatest common factor of 182 and 854.
14
Calculate the highest common divisor of 879991 and 49.
49
Calculate the highest common divisor of 51 and 66.
3
What is the highest common factor of 292615 and 215?
215
Calculate the greatest common divisor of 1302 and 151914.
42
What is the highest common divisor of 6908 and 2948?
44
What is the greatest common factor of 3283 and 5226?
67
What is the greatest common divisor of 5784 and 5061?
723
Calculate the greatest common factor of 288 and 6528.
96
What is the highest common divisor of 3447740 and 344?
172
Calculate the highest common divisor of 36 and 33636.
12
Calculate the highest common divisor of 297 and 13794.
33
What is the greatest common divisor of 55045 and 38885?
505
What is the highest common factor of 31 and 31?
31
Calculate the greatest common factor of 94906 and 14.
14
Calculate the greatest common factor of 51 and 20995.
17
What is the highest common factor of 71834 and 1568?
98
What is the greatest common factor of 328 and 664?
8
Calculate the highest common divisor of 65 and 187135.
65
What is the highest common factor of 20758 and 1746?
194
Calculate the greatest common divisor of 352 and 467555.
11
What is the highest common factor of 928 and 7308?
116
Calculate the highest common factor of 2122 and 46.
2
Calculate the highest common divisor of 46766 and 3149.
67
Calculate the highest common divisor of 2254620 and 1060.
1060
What is the highest common divisor of 24490 and 17222?
158
Calculate the highest common factor of 11397 and 3567.
87
What is the greatest common divisor of 507 and 64389?
507
Calculate the highest common factor of 228910 and 275.
55
Calculate the greatest common divisor of 4380 and 325580.
1460
Calculate the greatest common divisor of 149699 and 31.
31
What is the highest common divisor of 2808 and 6264?
216
Calculate the greatest common divisor of 156 and 193674.
78
What is the highest common divisor of 1917 and 119745?
27
Calculate the highest common factor of 146 and 2274.
2
Calculate the highest common divisor of 10 and 8090.
10
Calculate the greatest common factor of 14 and 17129.
7
Calculate the highest common factor of 33 and 164769.
33
What is the highest common factor of 14355 and 12645?
45
Calculate the highest common factor of 21812 and 251412.
1148
Calculate the highest common factor of 5546 and 7802.
94
Calculate the highest common divisor of 188 and 2605633.
47
What is the highest common divisor of 130453 and 48493?
683
What is the highest common factor of 9002 and 434?
14
Calculate the greatest common divisor of 820 and 740.
20
Calculate the greatest common factor of 210 and 14665.
35
What is the greatest common divisor of 20910 and 870?
30
What is the greatest common divisor of 76 and 6802?
38
What is the highest common divisor of 69102 and 342?
18
Calculate the greatest common factor of 60 and 105990.
30
Calculate the highest common divisor of 869 and 158.
79
What is the highest common factor of 547766 and 16392?
1366
What is the greatest common divisor of 42329 and 28?
7
What is the highest common factor of 1057 and 1820?
7
Calculate the greatest common divisor of 786071 and 299.
299
What is the highest common factor of 221 and 1847339?
221
Calculate the highest common factor of 54828 and 156.
12
What is the greatest common factor of 339 and 15481?
113
What is the highest common divisor of 16 and 198248?
8
Calculate the highest common factor of 844 and 1962300.
844
What is the highest common divisor of 42435 and 410?
205
Calculate the greatest common factor of 3512 and 24.
8
Calculate the greatest common divisor of 126885 and 6.
3
Calculate the highest common divisor of 2718 and 48.
6
Calculate the highest common divisor of 2834 and 30738.
218
What is the highest common factor of 296508 and 96?
12
What is the highest common factor of 482209 and 2271?
757
Calculate the greatest common factor of 2364 and 473982.
1182
What is the greatest common divisor of 47344 and 2992?
176
What is the highest common factor of 104682 and 15330?
438
What is the highest common factor of 11028 and 12?
12
What is the highest common factor of 119548 and 968?
484
What is the greatest common factor of 16280 and 72?
8
What is the highest common factor of 85 and 1435480?
85
Calculate the highest common divisor of 1284 and 2354.
214
Calculate the greatest common factor of 2325 and 26877.
93
Calculate the greatest common factor of 9 and 222273.
9
What is the greatest common divisor of 1104 and 1220304?
48
Calculate the highest common divisor of 2142 and 12002.
34
What is the greatest common divisor of 32265 and 4185?
135
Calculate the highest common divisor of 3 and 57720.
3
What is the highest common divisor of 404 and 5452?
4
Calculate the highest common divisor of 335791 and 29.
29
Calculate the greatest common divisor of 256 and 432.
16
What is the highest common factor of 7816623 and 789?
789
Calculate the greatest common factor of 35 and 118145.
5
What is the highest common divisor of 23190 and 1290?
30
Calculate the highest common factor of 283343 and 3819.
67
What is the highest common factor of 100 and 1095175?
25
Calculate the greatest common divisor of 940 and 1202636.
188
What is the highest common factor of 13 and 155389?
13
Calculate the greatest common factor of 178659 and 1053.
351
What is the greatest common factor of 700 and 94400?
100
Calculate the highest common factor of 3304 and 320075.
413
What is the highest common divisor of 4664 and 49396?
212
Calculate the greatest common factor of 2325 and 42825.
75
Calculate the highest common factor of 396 and 291.
3
What is the greatest common factor of 22110 and 1760?
110
What is the greatest common divisor of 20088 and 118854?
1674
What is the highest common factor of 46238 and 122?
122
What is the greatest common factor of 171 and 779?
19
What is the highest common factor of 128685 and 20585?
115
Calculate the greatest common divisor of 35 and 33635.
35
What is the highest common divisor of 5088 and 9984?
96
Calculate the greatest common divisor of 51 and 827696.
17
Calculate the highest common divisor of 524050 and 2820.
470
What is the highest common divisor of 2574 and 15691?
13
What is the highest common divisor of 136 and 48433?
17
What is the greatest common divisor of 21 and 71701?
7
Calculate the greatest common divisor of 185 and 16391.
37
Calculate the greatest common factor of 10900 and 4900.
100
What is the highest common factor of 70 and 4395545?
35
What is the highest common factor of 99803 and 422?
211
What is the highest common factor of 47023 and 19706?
59
Calculate the greatest common factor of 772810 and 1090.
1090
What is the highest common factor of 2 and 42408?
2
What is the highest common factor of 69 and 157113?
69
Calculate the highest common factor of 131318 and 188.
94
What is the greatest common factor of 5787 and 387?
9
Calculate the greatest common divisor of 281758 and 68.
34
What is the greatest common factor of 578 and 200090?
34
Calculate the greatest common factor of 23 and 1061.
1
Calculate the highest common divisor of 188268 and 696.
348
What is the greatest common divisor of 626898 and 2445?
489
What is the highest common divisor of 61639 and 106?
53
What is the highest common divisor of 1650 and 348100?
50
Calculate the highest common factor of 2826 and 261.
9
What is the greatest common divisor of 171680 and 5568?
928
Calculate the highest common divisor of 524865 and 495.
165
What is the highest common factor of 532740 and 2730?
390
What is the highest common factor of 39757 and 1909?
83
What is the greatest common factor of 4502078 and 42?
14
What is the greatest common divisor of 